{"id":8,"date":"2019-01-05T21:05:06","date_gmt":"2019-01-05T21:05:06","guid":{"rendered":"http:\/\/www.caniszone.cz\/?page_id=8"},"modified":"2025-07-01T20:54:40","modified_gmt":"2025-07-01T19:54:40","slug":"o-nas","status":"publish","type":"page","link":"https:\/\/www.caniszone.cz\/index.php\/o-nas\/","title":{"rendered":"O n\u00e1s"},"content":{"rendered":"<p>N\u00e1\u0161 ps\u00ed salon v Mokr\u00e9-Hor\u00e1kov nab\u00edz\u00ed \u010des\u00e1n\u00ed, koup\u00e1n\u00ed a st\u0159\u00edh\u00e1n\u00ed ps\u016f v\u0161ech velikost\u00ed. St\u0159\u00edh\u00e1n\u00ed dr\u00e1pk\u016f, depilace a \u010di\u0161t\u011bn\u00ed u\u0161\u00ed. Dopl\u0148kov\u00fd prodej kosmetiky.<\/p>\n<p><img loading=\"lazy\" class=\"alignnone size-medium wp-image-79 aligncenter\" src=\"http:\/\/www.caniszone.cz\/wp-content\/uploads\/2019\/01\/Canis-zone-2-300x112.jpg\" alt=\"\" width=\"300\" height=\"112\" srcset=\"https:\/\/www.caniszone.cz\/wp-content\/uploads\/2019\/01\/Canis-zone-2-300x112.jpg 300w, https:\/\/www.caniszone.cz\/wp-content\/uploads\/2019\/01\/Canis-zone-2-768x287.jpg 768w, https:\/\/www.caniszone.cz\/wp-content\/uploads\/2019\/01\/Canis-zone-2-1024x383.jpg 1024w, https:\/\/www.caniszone.cz\/wp-content\/uploads\/2019\/01\/Canis-zone-2.jpg 1203w\" sizes=\"(max-width: 300px) 100vw, 300px\" \/><\/p>\n","protected":false},"excerpt":{"rendered":"<p>N\u00e1\u0161 ps\u00ed salon v Mokr\u00e9-Hor\u00e1kov nab\u00edz\u00ed \u010des\u00e1n\u00ed, koup\u00e1n\u00ed a st\u0159\u00edh\u00e1n\u00ed ps\u016f v\u0161ech velikost\u00ed. St\u0159\u00edh\u00e1n\u00ed dr\u00e1pk\u016f, depilace a \u010di\u0161t\u011bn\u00ed u\u0161\u00ed. Dopl\u0148kov\u00fd prodej kosmetiky.<\/p>\n","protected":false},"author":1,"featured_media":0,"parent":0,"menu_order":0,"comment_status":"closed","ping_status":"closed","template":"","meta":[],"_links":{"self":[{"href":"https:\/\/www.caniszone.cz\/index.php\/wp-json\/wp\/v2\/pages\/8"}],"collection":[{"href":"https:\/\/www.caniszone.cz\/index.php\/wp-json\/wp\/v2\/pages"}],"about":[{"href":"https:\/\/www.caniszone.cz\/index.php\/wp-json\/wp\/v2\/types\/page"}],"author":[{"embeddable":true,"href":"https:\/\/www.caniszone.cz\/index.php\/wp-json\/wp\/v2\/users\/1"}],"replies":[{"embeddable":true,"href":"https:\/\/www.caniszone.cz\/index.php\/wp-json\/wp\/v2\/comments?post=8"}],"version-history":[{"count":7,"href":"https:\/\/www.caniszone.cz\/index.php\/wp-json\/wp\/v2\/pages\/8\/revisions"}],"predecessor-version":[{"id":125,"href":"https:\/\/www.caniszone.cz\/index.php\/wp-json\/wp\/v2\/pages\/8\/revisions\/125"}],"wp:attachment":[{"href":"https:\/\/www.caniszone.cz\/index.php\/wp-json\/wp\/v2\/media?parent=8"}],"curies":[{"name":"wp","href":"https:\/\/api.w.org\/{rel}","templated":true}]}}